e units digit of j(k)?
7
Let y(q) = -q**2 - 11*q - 13. Let a be y(-9). Suppose -32 = -s - a*j, -11 = 3*s - s - 5*j. What is the units digit of s?
7
Let o(x) = -x**3 - 10*x**2 + 19*x + 9. What is the units digit of o(-13)?
9
Suppose -p - 2 = -0*p. Let b be (p/2 - 0)*-1. What is the tens digit of -1 - (-1 + b + -11)?
1
Let o(v) = -5*v + 8. What is the units digit of o(0)?
8
Suppose 8 = -4*v, 3*v - 3 = -r + 7. What is the tens digit of r?
1
Suppose -3*t = 35 - 89. What is the units digit of t?
8
Suppose -3*x = -2 - 4. Suppose 22 = w - x*w. What is the tens digit of 2/((4/w)/(-1))?
1
What is the units digit of ((-12)/(-9))/(2/39)?
6
Suppose -4*n + 4*f + 44 = 0, -1 - 2 = f. What is the units digit of n?
8
Suppose -6 + 14 = -i - 5*y, 4*i - 4*y - 64 = 0. What is the units digit of i/(-8)*32/(-6)?
8
Suppose 0 = -3*u + u + 26. What is the units digit of u?
3
Let c(o) = -o**3 + 7*o**2 - 5*o + 5. Let s be c(6). Suppose 5*v = 19 + s. What is the units digit of v?
6
Let d be (-3)/(-2) - 3/(-6). Suppose 3*j - 44 - 10 = 0. Let u = d + j. What is the tens digit of u?
2
Let f be -44 - (0/(-3) + 3). Let m = f - -30. Let z = 27 + m. What is the units digit of z?
0
What is the units digit of (-91)/(-3) + (-16)/(-24)?
1
Let j = -19 - -14. Let h = j - -11. What is the units digit of h?
6
Let q(x) = -x**3 - 2 - 3 + 8*x + 4*x**2 + 2. Let b = 2 - -3. What is the tens digit of q(b)?
1
Suppose 0 = o + 4*i - 22, 4*o + 2*i - 110 = -o. What is the tens digit of o?
2
Let v(d) = d**3 + 2*d**2. Let w be v(-2). Let y be (w/1)/(0 + 3). Suppose 0*m - 4*m + 36 = y. What is the units digit of m?
9
Let d(o) be the third derivative of o**6/120 + 2*o**5/15 + 7*o**4/24 + 5*o**3/3 + 3*o**2. What is the units digit of d(-7)?
0
Let u(o) = -11*o + 4. Let z be u(-4). Let s = -19 + z. What is the units digit of s?
9
Suppose -2*o - 4*o + 54 = 0. What is the units digit of o?
9
Suppose 3*c + 4*p = -322, -c + 16 - 105 = 5*p. What is the tens digit of 3/4 - c/8?
1
Let b(h) = -24*h + 30*h + h**2 + 0*h**2. What is the tens digit of b(-8)?
1
Suppose -4*i - 5 = -9*i. Let u(l) = -5*l - 3 + 13*l + 2. What is the units digit of u(i)?
7
Let c(o) = 42*o + 3. What is the tens digit of c(1)?
4
Suppose -w + 16 = 3*w. Suppose -6*z = -3*z - 4*d - 73, 0 = d + w. Let p = -6 + z. What is the units digit of p?
3
Suppose -7*y + 5*y + 8 = 0. Suppose -k + 12 = -0*k - 5*u, 0 = -u + y. What is the tens digit of k?
3
Let x be (-198)/(-4) - (-9)/(-6). Suppose -r + x = 2*h + 4, -3*h + 4*r + 55 = 0. What is the tens digit of h?
2
Let z = -295 - -493. What is the hundreds digit of z?
1
Suppose 0 = -4*r - 0 - 4. Let w be -27 - r/2*6. Let o = 40 + w. What is the tens digit of o?
1
Let u = -53 - -103. What is the units digit of u?
0
Let n be 0*3/(-9) - -1. Let l be 0 + n + 5 + -2. Let g = -2 + l. What is the units digit of g?
2
Let t(g) be the second derivative of g**3/2 - 3*g**2 - g. Suppose 5*s - 8 = 3*u, 4*s + 2 + 2 = 5*u. What is the units digit of t(u)?
6
Suppose 0 = -2*c + 5*c - 51. Let k = 4 + c. What is the tens digit of k?
2
Suppose 4*f + 57 = 177. What is the units digit of f?
0
Suppose -85 + 305 = 2*w. What is the tens digit of w?
1
Let t(m) = m**3 + 6*m**2 - 8*m - 4. Suppose -4*a - 39 + 11 = 0. What is the units digit of t(a)?
3
Let j = -53 + 104. What is the tens digit of j?
5
Let i = -61 + 109. Let y = -21 + i. What is the tens digit of y?
2
Suppose 2*i = -3*i + 25. Suppose -65 + 280 = i*n. What is the tens digit of n?
4
Suppose 4*s = 1 + 15. Suppose t - 3*o = -2*o - 5, -s*o + 8 = -2*t. Let n = t + 12. What is the units digit of n?
6
Let k be ((-1)/(-1))/(2/4). Let l(u) = -3*u - 3. Let m(b) = -4*b - 2. Let p(c) = k*m(c) - 3*l(c). What is the tens digit of p(5)?
1
Suppose t - b = -1, 0*b + 4*b = 2*t + 8. What is the units digit of (38 - t)*(-4)/(-12)?
2
Let v = 9 - 6. Suppose r - 2*x = 8, 4*r + 4*x = -0*x + 8. Suppose 15 = v*t - b, 2*t - t = r*b + 5. What is the units digit of t?
5
Let v(b) be the first derivative of b**4/4 + 8*b**3/3 - b**2 - 8*b - 1. Let f be v(-8). What is the units digit of 1/(f/7 + -1)?
7
Let t(h) = -h**2 + 6*h - 5. Let o be t(5). Suppose o*s = s - 2. Suppose 0*c + s*c = 12. What is the units digit of c?
6
Let y be 2*2/(-4) - -3. Suppose 5*v + y*f = -4 + 50, 0 = 3*v - 5*f - 9. What is the units digit of v?
8
Let h(i) = -i. Suppose 2*w - 8*q = -4*q - 14, 4*w + 10 = 2*q. What is the units digit of h(w)?
1
Let x(y) be the first derivative of y**4/4 + 5*y**3/3 + 2*y**2 + 7*y + 1. What is the units digit of x(-4)?
7
Let j = 12 - 8. What is the tens digit of j/(57/51 - 1)?
3
Suppose -4*d + h - 16 + 3 = 0, -2*h = -3*d - 11. Let r(g) = -g**3 - 4*g**2 - 2*g - 3. Let z be r(d). What is the units digit of (21/z)/(3/(-6))?
7
Suppose 2*k + 2*k = -8. Let a(t) = -6*t - 1. What is the units digit of a(k)?
1
Let f(b) = b + 2. Let a be f(-1). Let t be ((-24)/9)/(1/(-3)). Let x = a + t. What is the units digit of x?
9
Let s = 34 - 11. Suppose -3*k + s = 2*q, 0 = -4*k + 4*q - 6*q + 32. What is the units digit of k?
9
Let w = 5 - 5. Suppose 6 = 2*f, w*f + 109 = 5*m + 3*f. What is the tens digit of m?
2
Let i(b) = -b**2 - 8*b - 2. Let r be 0 - -1*(-6)/1. What is the tens digit of i(r)?
1
Suppose -5*v + 4*f + 30 = -f, 2*v - 14 = 4*f. Let q be (v - 2)*(4 - 3). Suppose -q*w + 2 + 7 = 0. What is the units digit of w?
3
Let z = 6 + 38. What is the units digit of z?
4
Suppose -t + 4*t = 102. What is the units digit of t?
4
Let g = -27 - -48. What is the units digit of g?
1
Suppose -t = t - 22. Let h = -6 + t. Let x = 9 - h. What is the units digit of x?
4
Suppose n + n = 12. Let w(i) = -7 + 14 + 0*i + 6*i - i**2. What is the units digit of w(n)?
7
Let x(w) = -w**3 - w**2 - w - 5. What is the tens digit of x(-5)?
0
What is the units digit of 2/(-4)*(-69 + 7)?
1
Suppose 0 = 2*y - b + 5, -6*y + 3*y + 4*b = 20. Suppose -i + t + 1 = -y*t, 4 = -2*i - t. What is the units digit of 3*(-1 - 2*i)?
3
Let a be -2 + 4 + -1 - 0. Let b(m) = 14*m. What is the units digit of b(a)?
4
Suppose -5*d = 4*i - 1197, -10*d + 5*i + 459 = -8*d. What is the tens digit of d?
3
Let o be (3 + -4)*(1 + -3). Suppose -3*h + 12 = -3, -5*h = -o*i - 15. What is the units digit of i?
5
Suppose 0 = 2*k - q + 42, -2*k - 63 = k - 3*q. Let i = -13 - k. Let j = i + 1. What is the units digit of j?
9
Let q(k) = -k**3 + 7*k**2 - 5*k - 1. Let y = 12 + -6. Let a be q(y). What is the units digit of 2/a + (-36)/(-10)?
4
What is the units digit of (13 + -11)/((-4)/(-118))?
9
Suppose -4*p + 148 = 4*o, 4*p = -o + 29 + 2. What is the units digit of o?
9
Let u(d) = 11*d**2 - 2*d - 13. What is the units digit of u(3)?
0
Let y(p) = p**3 + 5*p**2 + 2*p + 4. Let x be y(-4). Suppose 10*u - x*u = -108. What is the units digit of u?
4
Suppose -2*l = -2*p, 4*l - 6 = -3*p + 5*l. Suppose 4*g = -3*u - 702, -2*g - 470 = -u + p*u. What is the tens digit of 2/3 + u/(-21)?
1
Let q(b) be the second derivative of 1/3*b**3 + 1/4*b**4 - 1/2*b**2 + 0 - 2*b. What is the units digit of q(-2)?
7
Let w(v) be the third derivative of v**4/24 - v**2. Let g be w(5). Suppose -s = p - 14, -p - 17 - 47 = -g*s. What is the tens digit of s?
1
Let m(b) be the second derivative of b**3 - 3*b**2/2 + b. Let o be m(3). Let k = -11 + o. What is the units digit of k?
4
Let q = 5 + -6. Let x be (4 + 2 + -4)*3. Let h = q + x. What is the units digit of h?
5
Suppose -16 = -5*k - 1. Suppose -k*v = 4*c - 3, 2*c - 5*v = c + 18. Suppose -x + 3*b = -26, 2*b + 53 = c*x - 2*b. What is the units digit of x?
1
Let l(w) = -8*w. Let y be l(-1). Let o = y + -5. Let r = o + 0. What is the units digit of r?
3
Let w = 181 + -97. Suppose d = -2*d + w. What is the tens digit of d?
2
Let x = -134 + 209. What is the units digit of x?
5
Suppose 31 = 3*v - 92. What is the units digit of v?
1
Suppose 7*q - 147 - 21 = 0. What is the units digit of q?
4
Suppose -6*g + 2*g - 8 = 4*v, v + 26 = -5*g. Let s = g + 19. What is the units digit of s?
3
Let c(n) = 4*n - 1. Let x be c(1). Suppose -4*f + 3*f = -x. Suppose -3*u - 4 = -2*w, -5*u - 5 + 0 = -f*w. What is the units digit of u?
2
Let p be (-6)/4*94/3. Let g = -30 - p. What is the tens digit of g?
1
Let c(i) be the second derivative of i**4/12 + i**3 + i**2 + 2*i. What is the units digit of c(-7)?
9
Let t = 73 - 1. What is the tens digit of t?
7
Suppose -5*u + 13 = -2*n, -3*u + u + 